lculate w(-5).
-5
Let z = -8 - -17. Let v be 6*(1 + (-3)/z). Let d(p) be the second derivative of p**5/20 - p**4/4 - p**3/3 - 3*p**2/2 - p. Calculate d(v).
5
Let b(l) be the third derivative of -l**5/60 + 7*l**4/24 + l**3/3 + 17*l**2 + 2. Suppose -t - m - 6 = 3*m, 2*m = -6. Give b(t).
8
Let i(t) = -2*t. Let n(r) = -r**3 + 3*r**2 + 2*r + 3. Let x be n(4). What is i(x)?
10
Let p(y) = -3*y**2 - y. Let r be (0/(-2))/(4/(-4)). Suppose 3*d - 4 + 1 = r. What is p(d)?
-4
Let f(m) = -9*m**2 - 2*m + 1. Let l(t) = -5*t**2 - t + 1. Let r(o) = 4*f(o) - 7*l(o). Let g(y) be the first derivative of r(y). Determine g(1).
-3
Suppose 5*g - 7*g = 10. Let j(z) = z**2 + 3*z - 3. Give j(g).
7
Let d(h) = h**3 - h. Let s(a) = 28*a**3 - 7*a - 1. Let i(w) = -6*d(w) + s(w). Calculate i(-1).
-22
Let j(q) = -q - 3*q + 13 + 3*q + 0*q. Determine j(9).
4
Let u be 15/(-20) + 33/12. Let m(x) = 3 + 14*x**u - 10*x**2 + x**3 - 4 + 0*x**3. Calculate m(-2).
7
Suppose -43*m + 91 = -50*m. Let j(k) = -k**3 - 13*k**2 + 5. Give j(m).
5
Let g(d) = 21*d**2 - 5*d + 7. Let f(n) = -10*n**2 + 2*n - 3. Let k(j) = -7*f(j) - 3*g(j). Calculate k(1).
8
Let t(y) be the third derivative of -y**8/6720 - y**7/504 - y**6/360 + y**5/60 + y**4/12 - 5*y**2. Let g(m) be the second derivative of t(m). What is g(-3)?
-10
Let i(w) = w - 1. Let r be 3/(-45)*-21*5. Determine i(r).
6
Let c be (-48)/(-21) + (-2)/7. Let s(t) be the first derivative of 3*t**2 - t - 6*t**2 + 2 + t**c. Give s(-2).
7
Let a(p) = -5*p + 3. Let o(j) = -4 - 2 + 0*j + 11*j - 1. Let l(d) = 5*a(d) + 2*o(d). What is l(1)?
-2
Let h = -5 - -7. Let x(u) = -6*u - 5 - 14*u**2 + 13*u**h + 0. Give x(-4).
3
Let w(z) = -4 - z**2 - 2*z**2 + 183*z - 181*z + z**3. Calculate w(4).
20
Let p(b) be the second derivative of -5/2*b**2 + 0 + 3*b + 1/3*b**3. Let d be 4 - (2 - 2)/(-1). Give p(d).
3
Let r(b) = -b - 3. Let f be r(-5). Suppose 4*c + 2*a = -0*c - 8, -f*c + 5*a - 4 = 0. Let n(h) = -h**3 - 2*h**2 - 2*h + 2. Calculate n(c).
6
Let p = 5 + 2. Let o(n) = n**3 - 6*n**2 - 5*n - 6. Calculate o(p).
8
Let c(j) be the second derivative of j**5/20 + 3*j**4/4 + 3*j**3/2 + 6*j**2 + 2*j. Let a be c(-8). Let g(w) = w - 4. Give g(a).
0
Let m(w) = -2*w**2 - w + 23. Let g(l) = l**2 - 12. Let d(k) = 11*g(k) + 6*m(k). Let o be d(-6). Let h(b) = o + 3*b - 5 - 6. Determine h(4).
7
Let h(k) = k**2 + 1. Let j(z) = -3*z**2 - 2*z - 2. Let q(y) = -2*h(y) - j(y). Let c be -3*(-12)/(-9)*1. Give q(c).
8
Suppose 0*r = 4*r. Let v(s) = r*s + 2*s - s - 6. Give v(5).
-1
Let w(v) be the first derivative of -v**2 + 0*v - 1 + 1/60*v**5 + 2/3*v**3 - 5/24*v**4. Let k(g) be the second derivative of w(g). What is k(5)?
4
Suppose -5*r - 2*r - 28 = 0. Let n(q) = 2*q**2 + 13*q - 5. Let t(x) = 3*x**2 + 20*x - 7. Let y(b) = -8*n(b) + 5*t(b). Determine y(r).
5
Let n(c) be the second derivative of -c + 1/3*c**3 + 2*c**2 + 0. Suppose 2*o - l = -5, 0 = 3*o + 5*l - l + 13. What is n(o)?
-2
Let c(m) = -5*m**2 - 3*m + 2*m**2 + 4*m**2. Suppose 4 = -i, -2*w + 0*i - i = -2. Calculate c(w).
0
Let z(a) be the first derivative of -2*a**3/3 - 3*a**2/2 + 3*a + 16. Give z(-3).
-6
Let h(u) = -16*u**3 - 6*u**2 + 11*u - 6. Let s(p) = -3*p**3 - p**2 + 2*p - 1. Let w(b) = -2*h(b) + 11*s(b). What is w(2)?
-3
Let b(d) be the second derivative of -d**5/20 + d**4/12 + 5*d**3/6 - 3*d**2/2 - 3*d. Suppose 5*v = 3*w + w - 7, -2*v = -4*w + 10. What is b(w)?
-6
Let s(j) be the first derivative of j**3/6 + j**2/2 - j - 5. Let z(w) be the first derivative of s(w). Let r be (0 + 6)*1/(-1). What is z(r)?
-5
Let x = -6 - -9. Let c(k) = 3*k**2 + k**3 + 0*k**2 - x*k**3 - k + 0*k. Calculate c(2).
-6
Let k(n) = -21*n - 10. Let l(m) = -14*m - 7. Let j = -4 - -11. Let u(o) = j*l(o) - 5*k(o). Give u(-1).
-6
Let q(c) = -c**2 - 7*c + 2. Let d be -7 - 2*(-5)/10. Give q(d).
8
Let g(f) = f**2 + 8*f + 9. Let t(j) = -2*j**3 + 4*j**2 - j - 4. Let v be t(2). Calculate g(v).
-3
Suppose 4*r - 5*r + 1 = 0. Suppose -4*h = 3*a - 7, 4*h + 2*a = r + 1. Let w(i) = -i**2 - 4*i - 3. Give w(h).
1
Let g(x) = x. Suppose h + 0*h = -5. Calculate g(h).
-5
Let q = -26 + 24. Let x(g) = g + 2. What is x(q)?
0
Let c(r) = 3*r + 3. Let w be c(5). Suppose -4*p + w = -2. Let x(s) = -s**2 + 6*s - 3. Give x(p).
2
Let s(a) = -6 + 2 + 1 + 2*a + 4. Give s(5).
11
Let w(r) be the second derivative of r**6/120 - r**5/12 + r**4/12 - r**3/2 - 3*r**2/2 + 4*r. Let m(l) be the first derivative of w(l). What is m(5)?
7
Let q be ((-1)/2)/((-2)/8). Let h(r) = 2*r**3 - 3*r**2 + 4*r - 2. Calculate h(q).
10
Let v(n) be the second derivative of n**3/2 - n**2 + 9*n. What is v(-2)?
-8
Let a be (2 + -2)/(-4 + 6). Let c(b) = -2*b**2 - b + 3*b**2 + a*b. Calculate c(-2).
6
Let v(p) = -4*p**2 + 5*p + 10. Let w(j) = 13*j**2 + 6*j + 5 + 6 - 18*j**2. Let x = -7 + 1. Let h(o) = x*v(o) + 5*w(o). What is h(0)?
-5
Let n(w) = w + 8. Let j be n(-6). Let d be 34/8 + j/(-8). Let s(r) = 2*r - 5*r - 8 + 3 + r**2. Give s(d).
-1
Suppose 0 = -9*t + 2*t - 14. Let g(x) = -7*x**2 - 3*x. Give g(t).
-22
Let g(n) = -7*n**3 + 4 + 3*n**3 + 17*n - 18*n + 3*n**3. Give g(0).
4
Suppose 0*w - 3*w = -2*b - 13, -4*w - b = -21. Suppose n = -4*n + w. Let r(o) = n - 3*o**2 + o**2 + o**2 + 3*o. Calculate r(2).
3
Let n(s) be the third derivative of s**5/60 - s**4/24 + 5*s**3/3 + 11*s**2. What is n(0)?
10
Let x(z) = z**3 - 6*z**2 - 8*z + 3. Suppose -33 = -3*g - 4*p, -2*g = -0*p - p - 11. Give x(g).
-4
Let d(h) = h**2. Let l(u) = u**3 + 5*u**2 + u + 7. Let r be l(-5). Let a(w) = -2 - 4*w**r - 1 + 2. Let y(p) = -a(p) - 5*d(p). What is y(1)?
0
Let t(s) = -s**2 + 3*s + 2. Let l(w) = -w**2 + 6*w + 2. Let g be l(6). Give t(g).
4
Let p(j) = 2*j + 2. Let g = -4 + 6. Calculate p(g).
6
Suppose 6 = -4*j + 6*j. Let c(q) = 2 - q + 3*q - 3 - 3*q. Let i(b) = -7*b - 4. Let o(h) = j*c(h) - i(h). Determine o(-1).
-3
Let b(u) = u**2 - 3*u + 3. Let j = 8 + 3. Suppose -3*r = 2 - j. Give b(r).
3
Let l(h) be the first derivative of -h**6/360 + h**5/40 + h**4/12 - 2*h**3/3 + 4. Let f(v) be the third derivative of l(v). Give f(5).
-8
Let a(n) be the second derivative of -n**6/180 + n**5/30 - n**4/8 - 7*n**3/6 - n. Let t(q) be the second derivative of a(q). Calculate t(3).
-9
Let q(d) = -d + 7. Let r(s) = -s + 11. Let v(x) = 8*q(x) - 5*r(x). Give v(-1).
4
Let p = 3 - 3. Let m = p - -4. Suppose -m = 3*r - 5*r. Let u(i) = i**3 - 4*i + 3. Determine u(r).
3
Let d(a) = -a**3 - 7*a**2 - a - 1. Let u(z) = -6*z**3 - 2*z**2 + 1. Let o be u(1). Determine d(o).
6
Let b(n) be the first derivative of -n**3/3 - 2*n**2 - 10. What is b(-4)?
0
Let i = 8 - 5. Let r(l) = 5*l**2 - l - i*l**3 - 5 - 2*l + 4*l**3. What is r(-5)?
10
Suppose 0 = 2*p - 10 - 0. Let c = -4 + p. Let f(u) = 0*u - 11*u + 1 + 2*u. What is f(c)?
-8
Let p(y) = -y**2 - 9*y - 2. Let c(z) = 3*z**2 + 26*z + 7. Let u(m) = 1. Let d(r) = c(r) - 2*u(r). Let b(o) = 4*d(o) + 11*p(o). What is b(-5)?
-2
Let m(h) = h - 2*h - 2 + 0*h. Suppose -2*v = -3*o - 16, 4*v - 3 = 2*o + 13. Let q = 3 + o. Determine m(q).
-1
Let h(j) = -j**2 + 8*j - 7. Let u be (-2 - -2)/(-3) - -2. Suppose 0*a - g + 12 = u*a, -6 = -a + 2*g. Determine h(a).
5
Let c(t) be the first derivative of t**2 - 1 - 1/10*t**5 + 0*t + 1/120*t**6 + 5/6*t**3 + 1/6*t**4. Let o(y) be the second derivative of c(y). Determine o(5).
0
Let r(a) = -a**2 + a. Let y(w) = 4*w**3 + 2*w**2 - w + 1. Let q(j) = -2*r(j) - y(j). Determine q(-1).
4
Let p(f) = -f - 2. Let x(g) = -2*g + 2*g - g - g - 6. Suppose -o = 2*o + 3*n - 18, 0 = 4*o - n - 9. Let h(m) = o*x(m) - 8*p(m). Calculate h(4).
6
Suppose 0 = -n - n. Let l(s) = -s**2 - s**3 + 5*s**3 - s**3 - 2*s**3 - 6. Calculate l(n).
-6
Let w = 4 - -3. Let t(i) = i - 5. Let k be t(w). Let z(s) = -8 - k*s + 2 - s. Give z(-5).
9
Let c(i) = -6*i**2 + 3*i - 6. Let y(t) = 5*t**2 - 3*t + 5. Let p(b) = -4*c(b) - 5*y(b). What is p(2)?
1
Let t be (-231)/(-49) + (-2)/(-7). Let y(m) = 5*m + 5. Let c(w) = 3*w + 2. Let l(f) = t*c(f) - 2*y(f). Calculate l(2).
10
Let m(t) = 6*t**2 - 3*t**2 + 0*t**2 - 2*t**2 + 7*t. Determine m(-5).
-10
Let m(v) = v**3 - 6*v**2 + 5*v + 3. Suppose 0 = -2*d + 17 - 9. Calculate m(d).
-9
Let f(k) = k**3 + 9*k**2 + 8*k - 1. Let w be f(-7). Suppose 5*t - w = -11. Let n be (8/12)/((-2)/t). Let x(c) = 4*c + 1. Calculate x(n).
-7
Let t(i) = i + 13. Let u be t(-9). Let j(h) = -h**3 - 6*h**2 + 3*h. Let f(g) = 2*g**3 + 7*g**2 - 4